375?
140c
In base 7, what is 20 - 1052516?
-1052466
In base 16, what is 1410 - 1f?
13f1
In base 15, what is -592d4 - 1?
-592d5
In base 12, what is 2 - -5171?
5173
In base 4, what is 10032323 - 11?
10032312
In base 5, what is -2323234 - 2?
-2323241
In base 15, what is 1e7b - 245?
1c36
In base 2, what is 1010101011100110001101 - 10?
1010101011100110001011
In base 16, what is 51c - 22?
4fa
In base 6, what is -1334 + -345?
-2123
In base 13, what is 0 - 53c67?
-53c67
In base 15, what is -4c5c - -4?
-4c58
In base 8, what is 314563 + -2?
314561
In base 12, what is b80b - -113?
b922
In base 8, what is -42 + -6750?
-7012
In base 4, what is 301323 - 1021?
300302
In base 10, what is -1286 + 314?
-972
In base 11, what is 4 - 4?
0
In base 10, what is 73644 + 3?
73647
In base 10, what is 1259 - -1070?
2329
In base 14, what is 1d57 + 33?
1d8a
In base 8, what is -24 - -1670?
1644
In base 12, what is 2 - -254b85?
254b87
In base 6, what is 31 - 22023?
-21552
In base 14, what is 3d + 48?
87
In base 16, what is -855 + 45?
-810
In base 16, what is -89c5 + -8?
-89cd
In base 13, what is -2a21c + -1?
-2a220
In base 12, what is -167 + -a4?
-24b
In base 12, what is 3367 + 3?
336a
In base 8, what is 62 + -1736?
-1654
In base 5, what is 114204012 + -2?
114204010
In base 8, what is 231045 + 4?
231051
In base 2, what is 100 - -10011111110000001?
10011111110000101
In base 4, what is 212002233 + -3?
212002230
In base 13, what is -18 + -37ba?
-3805
In base 11, what is 1 + 226182?
226183
In base 16, what is 3 - 3596?
-3593
In base 12, what is 4597 + -9?
458a
In base 9, what is -4 + -266841?
-266845
In base 16, what is -a + -9c9?
-9d3
In base 7, what is -404 + 32?
-342
In base 11, what is -142335 + -3?
-142338
In base 4, what is -21223 + 3031?
-12132
In base 9, what is 508 + -47?
451
In base 14, what is -11 - 1bb08?
-1bb19
In base 4, what is 3 + -2111332?
-2111323
In base 10, what is 73 + -7211?
-7138
In base 14, what is -2 - -911da?
911d8
In base 13, what is a3 + -232?
-15c
In base 11, what is 35 - -210a7?
21131
In base 10, what is 941756 - -5?
941761
In base 10, what is 932 + 4551?
5483
In base 13, what is 0 + -387021?
-387021
In base 9, what is 1 + 466333?
466334
In base 2, what is -11100010010111000110110 + -100?
-11100010010111000111010
In base 7, what is 1240 - -301?
1541
In base 2, what is -11001100011011110 - -11?
-11001100011011011
In base 6, what is -3 - 251141?
-251144
In base 14, what is -2645 + -4?
-2649
In base 5, what is 22444230 + 2?
22444232
In base 16, what is 7 + 9626?
962d
In base 16, what is 2 + a2c?
a2e
In base 11, what is 71 - 102?
-41
In base 11, what is 2545 + -1a1?
2354
In base 9, what is -218 + 1527?
1308
In base 4, what is -10 - 11110020?
-11110030
In base 14, what is aa7 + 20?
ac7
In base 6, what is -3 - -32343?
32340
In base 6, what is 5 + -14514213?
-14514204
In base 5, what is 21 + -42244?
-42223
In base 13, what is -172a8 - -1a?
-1728b
In base 6, what is -112 + -1315?
-1431
In base 10, what is -1654 + -1?
-1655
In base 8, what is -13 + -1066640?
-1066653
In base 2, what is 110 - -101101101001101010?
101101101001110000
In base 5, what is 14 + -4321012?
-4320443
In base 15, what is -1244a + -2?
-1244c
In base 8, what is 2 + -612162?
-612160
In base 16, what is -55 - 71?
-c6
In base 10, what is -3311 - 964?
-4275
In base 3, what is -21121 + -1012202?
-1111100
In base 6, what is -5 - -132305?
132300
In base 4, what is 202102110 - 2?
202102102
In base 10, what is 2 - 1743?
-1741
In base 11, what is 790 + 37?
817
In base 9, what is -271 + 5177?
4806
In base 2, what is -1000001001 + 11000001100?
10000000011
In base 9, what is -2768 - 0?
-2768
In base 16, what is 2 + 9f99?
9f9b
In base 13, what is 8b81 - 19?
8b65
In base 14, what is -13 - -a0b?
9d8
In base 15, what is -1 + 45854?
45853
In base 9, what is 52 - 22?
30
In base 3, what is 220 - 2022122?
-2021202
In base 16, what is -16e72e - 1?
-16e72f
In base 9, what is 13 + -27033?
-27020
In base 2, what is -101 + 10110001110110?
10110001110001
In base 16, what is -a3 - 4a40?
-4ae3
In base 10, what is 2960 - 0?
2960
In base 11, what is 3521 - -4?
3525
In base 3, what is 0 + 1201021101?
1201021101
In base 14, what is -2 - -2da5?
2da3
In base 14, what is 1074c4 + 1?
1074c5
In base 5, what is 21024 + 30?
21104
In base 14, what is b9 - -bc6?
ca1
In base 16, what is 1a0 + 22f?
3cf
In base 11, what is 5086 - 11?
5075
In base 14, what is -455 - -8?
-44b
In base 14, what is -2459d - 2?
-245a1
In base 4, what is -1112231210 - 10?
-1112231220
In base 11, what is 8 + 5932?
593a
In base 7, what is 4 - 212061?
-212054
In base 6, what is 10014452 - 4?
10014444
In base 7, what is -2534 - -554?
-1650
In base 15, what is 1472 - -3?
1475
In base 14, what is -429 - 90?
-4b9
In base 14, what is a77 - -45?
abc
In base 10, what is 5 - 18472?
-18467
In base 10, what is 66513 + -3?
66510
In base 6, what is 2 - -4323350?
4323352
In base 3, what is 2222221000 + 1220?
2222222220
In base 10, what is 45 - -20160?
20205
In base 14, what is -12840 - 9?
-12849
In base 4, what is -3 - 32200?
-32203
In base 6, what is 22 - -103204?
103230
In base 12, what is 19ba + -145?
1875
In base 9, what is 2670 - -25?
2705
In base 7, what is -2 + 1434326?
1434324
In base 16, what is 5 + 29ae?
29b3
In base 11, what is -1078 + -20?
-1098
In base 5, what is 233241 - 10?
233231
In base 7, what is -3 + -103004?
-103010
In base 14, what is -25811 + 4?
-2580b
In base 16, what is 1e0c - 1a0?
1c6c
In base 4, what is -2030330 + -120?
-2031110
In base 15, what is 1201 + -4?
11ec
In base 10, what is 3053 - 7?
3046
In base 15, what is -4 - dca5?
-dca9
In base 4, what is 0 - -3112121?
3112121
In base 10, what is 209500 + -2?
209498
In base 11, what is -11 + 1790a?
178a9
In base 15, what is -1c + -5ac?
-5c9
In base 10, what is 935 + 154?
1089
In base 2, what is -100001 + -1010100100?
-1011000101
In base 11, what is 10880 + -2?
10879
In base 6, what is 1000 + -140320?
-135320
In base 8, what is 1 - -3747?
3750
In base 8, what is 1 - -6360?
6361
In base 15, what is d20 - 29?
ce6
In base 5, what is -1344022 - 33?
-1344110
In base 13, what is -112a - 48?
-1175
In base 14, what is 24 - -a91?
ab5
In base 4, what is 20022121221 - 11?
20022121210
In base 13, what is 18 - -11043?
1105b
In base 7, what is 0 - -215?
215
In base 16, what is 7 + -a16?
-a0f
In base 13, what is -6 + -c9b?
-ca4
In base 5, what is 3 - -4401444?
4402002
In base 6, what is -5315001 - 5?
-5315010
In base 11, what is 336 - 7?
32a
In base 2, what is 1 + 1101110001?
1101110010
In base 4, what is -2 + -3010331?
-3010333
In base 12, what is -ab7 + -57?
-b52
In base 4, what is 3000031 - 1?
3000030
In base 14, what is -c10 + -2c5?
-10d5
In base 16, what is -7f796 - 5?
-7f79b
In base 5, what is -100231 + 220?
-100011
In base 6, what is 5303454 + 2?
5303500
In base 3, what is 111010 - 1012?
102221
In base 12, what is b37a0 + -6?
b3796
In base 6, what is 24010411 + 1?
24010412
In base 5, what is 1 - 144331?
-144330
In base 15, what is 280 + -9b?
1d4
In base 7, what is -25535 - -51?
-25454
In base 10, what is 987761 + 3?
987764
In base 12, what is -39021b + -2?
-390221
In base 6, what is 4 - 10203134?
-10203130
In base 2, what is 1010110 + -10111100?
-1100110
In base 8, what is -26403 + -13?
-26416
In base 6, what is 150041 - -342?
150423
In base 14, what is 1286 - -17?
129d
In base 2, what is -1110000011 - -100000111?
-1001111100
In base 15, what is 250 - -25?
275
In base 6, what is -45525441 - 1?
-45525442
In base 4, what is -11130202 - 3?
-11130211
In base 9, what is 7 - -127132?
127140
In base 15, what is 7a62 - b?
7a56
In base 4, what is -10 + -111020?
-111030
In base 16, what is -2 - -1bd07?
1bd05
In base 9, what is -100503 + -3?
-100506
In base 16, what is -1732d8 + 5?
-1732d3
In base 8, what is -3450 + 6?
-3442
In base 16, what is 17a - 4dc?
-362
In base 6, what is 3034 - -411?
3445
In base 2, what is 1000001011001110 + -1101?
1000001011000001
In base 7, what is -2556 - 130?
-3016
In base 13, what is 8020c - -5?
80214
In base 7, what is 102033 + -136?
101564
In base 16, what is 2175 - 14?
2161
In base 16, what is -e6 + 69?
-7d
In base 8, what is -12505030 + 2?
-12505026
In base 14, what is 0 + -192821?
-192821
In base 10, what is -20008 + -3?
-20011
In base 8, what is 45540 - -153?
45713
In base 2, 